ainder when d is divided by 13?
9
What is the remainder when 698 is divided by (-10 + (-244)/(-24))*708?
108
Let u = 14 + -14. Suppose -6*t + 3*t = u. Suppose t*b = -b + 5*n + 26, 3*b + 3*n = 78. Calculate the remainder when b is divided by 16.
10
Suppose -7 = -3*o + 5*m + 1, -2*m + 4 = 0. Let s be 0 + (8 - 4) + -4. What is the remainder when s/(-2) + 17/((-68)/(-24)) is divided by o?
0
Let g(p) = -p**2 + 10*p - 27. Let h be g(21). Let j = -42 - h. Calculate the remainder when j is divided by 73.
70
Suppose 0 = 3*p - 2*p - 5*w - 30, -2*p + 4*w + 54 = 0. Suppose 5*t = p, -2*y = 2*t - 55 + 11. What is the remainder when 320 is divided by y?
14
Let c = -975 - -666. Let h = c - -333. What is the remainder when 61 is divided by h?
13
Let a(u) = -u**3 - 41*u**2 - 19*u - 297. Calculate the remainder when a(-41) is divided by 125.
107
Suppose -129*y - 2327 = -142*y. What is the remainder when y is divided by 56?
11
Suppose 7*t = -958 - 351. Let c be 5/((-55)/(-372)) - 34/t. Suppose 0 = 3*a + 4*r - c, 5*r + 43 = a - 0*r. Calculate the remainder when 53 is divided by a.
17
Let o = -1769 + 1902. What is the remainder when 428 is divided by o?
29
Let a = 35 - 37. Let i be 114/30 + a/(-10). Suppose -22 - i = -2*b. What is the remainder when 51 is divided by b?
12
Suppose -317*y - 16*y = 206*y - 667821. Calculate the remainder when y is divided by 114.
99
Let c = 45 - -27. Suppose 0 = -c*x + 80*x - 304. What is the remainder when x is divided by 17?
4
Suppose -38*f - 70*f = -1404. Calculate the remainder when 101 is divided by f.
10
Let y = -45266 + 45283. What is the remainder when ((-186)/(-9))/((-2)/(-3)) is divided by y?
14
Suppose -t + 5*p = -60, 0 = -1376*t + 1379*t - p - 124. Calculate the remainder when 3 + -2 - (-75 - -2) is divided by t.
34
Suppose 0 = -5*v + 1348 - 213. Let y(g) = -g**3 + 10*g**2 + 112*g - 1082. Calculate the remainder when v is divided by y(10).
37
Let f be 4/14 - (-1248)/(-56). Let k = -12 - f. Let n = k - -6. Calculate the remainder when 60 is divided by n.
12
Let l = 30 + -57. Let i = l - -53. Suppose 2*o - 20 = -6. Calculate the remainder when i is divided by o.
5
Let g be (3392/40)/((-1)/(-5)). Suppose -v = 2*l - 429, -4*v = 3*l + 63 - 694. Let h = g - l. What is the remainder when h is divided by 42?
39
Suppose 1428*i + 7414 = 1450*i. Calculate the remainder when 1031 is divided by i.
20
Let g(c) = 3*c**2 - c + 2. Suppose -2*o - d = -62 + 2, 52 = 2*o - 3*d. What is the remainder when g(7) is divided by o?
26
Let k(t) = -t**2 + 19*t - 70. Let x = -15 - -25. Calculate the remainder when 1 - (-116 + 1*-1) is divided by k(x).
18
Let b(m) = -m**3 - 12*m**2 - 11*m + 25. Let g(q) = 13*q - 13. What is the remainder when g(8) is divided by b(-11)?
16
Let v be (12/4 + 193)/((-1)/(-1)). Suppose 54 - v = -2*r. Suppose j = -2*x + r, -4*j = -3 - 1. What is the remainder when x is divided by 9?
8
Suppose 2*l - 8 = 10*l. Let s be (-3 - -6)/(-3)*(0 + l). What is the remainder when 75 is divided by 2*s*(-91)/(-7)*1?
23
Let v(g) = -485*g**3 + 16*g**2 + 25*g + 8. What is the remainder when v(-1) is divided by 35?
29
Let t = 18 + 221. Suppose -374*h + 938 + 2607 = -569. Calculate the remainder when t is divided by h.
8
Let b(s) = 36 - 7*s**2 - 16*s + 13*s - 6*s + 20*s**2. What is the remainder when b(3) is divided by 32?
30
Let g = 582 + -556. Suppose -39*v + 546 = -g*v. What is the remainder when 503 is divided by v?
41
Let h(z) = 114*z + 1857. Calculate the remainder when 595 is divided by h(-15).
7
Suppose 560 = 2*s - 2*v, 4*s - 3*s - 305 = -4*v. Let x(h) = 3*h. Calculate the remainder when x(7) is divided by (-12)/(-144) - s/(-36).
5
Let r = 173 - 126. Let p = r - -98. What is the remainder when p is divided by 50?
45
Calculate the remainder when (-890 - 55)*(-5 - -4) is divided by 37.
20
Let s be 714/(-10)*5/(-1). Suppose -61*u = -68*u + s. Calculate the remainder when u is divided by 30.
21
Let m(k) = -k**3 - 61*k**2 - 71*k - 641. What is the remainder when m(-60) is divided by 15?
4
Suppose 1484*q - 1477*q - 259 = 0. Calculate the remainder when 165 is divided by q.
17
Suppose -2*b = 4*s - 154 - 46, -3*s = b - 98. What is the remainder when b is divided by 17?
2
Suppose -5*u + 5*t + 5 = 0, 2*u = -u - 4*t + 3. Let d(a) = 20*a + 2. Calculate the remainder when d(5) is divided by (u*-51 - 1)*3/(-6).
24
Suppose -4*m = 3*b - 173, 0 = 5*b - 27*m + 29*m - 293. Calculate the remainder when 348 is divided by b.
53
Suppose w + 3*w + 65 = c, 3*w - 150 = -3*c. Suppose -s + 4*s + 3*v + 396 = 0, 660 = -5*s + 5*v. Calculate the remainder when c is divided by (s/(-30))/(8/20).
9
Suppose -2*h = -5*g - 1603, 5*g - 55 + 60 = 0. What is the remainder when h is divided by 116?
103
Let w(x) = -x**2 + 17*x - 8. Suppose 548 = 6*p - 1792. Let a = -223 + p. What is the remainder when a is divided by w(14)?
31
Suppose -22763 + 22169 = -27*o. Suppose 54 = 5*k - 266. What is the remainder when k is divided by o?
20
Let m = -791 + 831. Let p(n) = 120*n**3 - n**2 - 2*n + 2. What is the remainder when p(1) is divided by m?
39
Suppose -4*c - 10 = c, 3*c + 98 = -2*m. Let n(j) = j**2 + 11*j + 33. Let u be n(-14). Let d = u + m. Calculate the remainder when 114 is divided by d.
27
Suppose -257*m = -151*m - 21942. Calculate the remainder when m is divided by 157.
50
Let u(p) = 23*p - 108. Let d(c) = -20*c + 109. Let f(r) = -6*d(r) - 5*u(r). What is the remainder when 69 is divided by f(25)?
3
Let z be -16 + 23 - 19*-1. Suppose -42 = -4*y + z. What is the remainder when 30 is divided by y?
13
Let v = 17 + -8. Suppose 92*u - 94*u + 152 = 0. What is the remainder when u is divided by ((-27)/3)/(v/(-6))?
4
Suppose 0 = -8*p + 5*y + 206 + 2701, -1070 = -3*p - y. Calculate the remainder when 396 is divided by p.
37
Let t(g) = 15*g**2 + 22*g - 27. Let k be t(11). Suppose -29*j = -19*j - k. What is the remainder when j is divided by 17?
16
Let i = 10798 + -10788. Let c = 1 + 4. Suppose -c*u + 232 = -u. What is the remainder when u is divided by i?
8
Suppose 2*j = d - 162, -293*d - j + 162 = -292*d. What is the remainder when d is divided by 59?
44
Let b = -75 + 42. Let t = b + 36. Suppose -2*v - 3*u + 24 = 2*u, -3*u = 4*v - 20. Calculate the remainder when t is divided by v.
1
Let y(o) = -3*o**2 - 59*o + 3. Let t(w) = w**2 - 4*w + 2. Let f be t(4). Suppose f*u - 30 - 14 = 0. What is the remainder when y(-19) is divided by u?
19
Let g(x) = 7*x - 5. Calculate the remainder when g(4) is divided by 14 + (10 - (-72)/(-9)) + -10.
5
Calculate the remainder when 3159 is divided by (-175)/(-5) - (-2 + 6).
28
Suppose 0 = -a - s + 108 + 39, 3*a - 4*s - 420 = 0. Calculate the remainder when 516 is divided by a.
84
Suppose 30 = -16*w + 11*w. Let t(q) = 2*q + 47. Calculate the remainder when 451 is divided by t(w).
31
Calculate the remainder when 49 is divided by 5/7 + -1 + (-459)/(-357).
0
Let o(c) = -c**3 - 3*c**2 + 3*c - 7. Let l be o(-9). Suppose 5*m = l - 147. Let p = 101 - 88. Calculate the remainder when m is divided by p.
9
Suppose -18*v + 17*v = -2*k + 104, -k + v = -51. What is the remainder when 576 is divided by k?
46
Suppose b + 3*k - 14 = 0, -7*k + 3*k - 16 = 0. Let y(g) = -g**3 + 27*g**2 - 26*g + 22. What is the remainder when 219 is divided by y(b)?
21
Let o(r) = -r**2 + 13*r - 10. Suppose -4*j = -3*g - 1410, 4*g - 13 = -2*j + 681. Suppose 233*i = 230*i + j. What is the remainder when i is divided by o(8)?
27
Let a = 94568 + -94477. Let b = 2 - -1. Suppose 0 = 3*s + 9, -3*s - 141 = -b*o - o. What is the remainder when a is divided by o?
25
Calculate the remainder when 101 is divided by 20/230 - 27336/(-391).
31
Let f(a) = -a**2 + 34*a + 194. Calculate the remainder when f(34) is divided by 36.
14
Let d = -752 - -862. What is the remainder when 307 is divided by d?
87
Suppose 226*q + 1872 = 262*q. Calculate the remainder when q is divided by 5.
2
Let l(i) = 51*i - 9. Let y(s) = -76*s + 14. Let r(t) = -7*l(t) - 5*y(t). Calculate the remainder when r(1) is divided by 6.
4
What is the remainder when -319 + 333 + (-2 - 75628/(-4)) is divided by 76?
71
Let x(b) = -491*b + 7375. Calculate the remainder when 727 is divided by x(15).
7
Suppose -62 = -2*t - j, -5*t - 194*j = -196*j - 164. What is the remainder when 654 is divided by t?
14
Let s(z) = z**2 - 12*z + 43. Let y(h) = 2*h**2